{"id":38,"date":"2021-04-23T08:56:27","date_gmt":"2021-04-23T06:56:27","guid":{"rendered":"http:\/\/www.laicites.fr\/?page_id=38"},"modified":"2024-11-26T10:11:17","modified_gmt":"2024-11-26T09:11:17","slug":"laicites","status":"publish","type":"page","link":"https:\/\/www.laicites.fr\/index.php\/laicites\/","title":{"rendered":"La\u00efcit\u00e9(s) ?"},"content":{"rendered":"<div class=\"wp-block-image\">\n<figure class=\"aligncenter size-large is-resized\"><img loading=\"lazy\" decoding=\"async\" width=\"642\" height=\"1024\" src=\"http:\/\/www.laicites.fr\/wp-content\/uploads\/2021\/05\/PORT-SEPARATION06-642x1024.jpg\" alt=\"\" class=\"wp-image-538\" style=\"width:377px;height:601px\" srcset=\"https:\/\/www.laicites.fr\/wp-content\/uploads\/2021\/05\/PORT-SEPARATION06-642x1024.jpg 642w, https:\/\/www.laicites.fr\/wp-content\/uploads\/2021\/05\/PORT-SEPARATION06-188x300.jpg 188w, https:\/\/www.laicites.fr\/wp-content\/uploads\/2021\/05\/PORT-SEPARATION06-768x1225.jpg 768w, https:\/\/www.laicites.fr\/wp-content\/uploads\/2021\/05\/PORT-SEPARATION06-963x1536.jpg 963w, https:\/\/www.laicites.fr\/wp-content\/uploads\/2021\/05\/PORT-SEPARATION06-38x60.jpg 38w, https:\/\/www.laicites.fr\/wp-content\/uploads\/2021\/05\/PORT-SEPARATION06.jpg 1010w\" sizes=\"auto, (max-width: 642px) 100vw, 642px\" \/><figcaption class=\"wp-element-caption\">Carte postale (version circul\u00e9e et coloris\u00e9e 02) La S\u00e9paration &#8211; coll. IRIS (circa 1905) &#8211; n\u00b0 199 (coll. perso. MTD)<\/figcaption><\/figure><\/div>\n\n\n<p>Le LAIC-La\u00efcit\u00e9(s) a vocation a proposer en ligne toutes les d\u00e9finitions qu&rsquo;il aura recens\u00e9es du terme \u00ab\u00a0La\u00efcit\u00e9\u00a0\u00bb et, en particulier, toutes les d\u00e9finitions auxquelles <strong><a href=\"http:\/\/www.laicites.fr\/index.php\/nos-membres\/\" data-type=\"page\" data-id=\"22\">ses membres<\/a><\/strong> se rattachent (et parfois qu&rsquo;ils et elles \u00ab\u00a0combattent\u00a0\u00bb ou entendent contester). <\/p>\n\n\n\n<p>Au 05 mai 2021, cette page est encore en cours de construction(s). <\/p>\n\n\n\n<p class=\"has-vivid-red-color has-text-color\">On annonce la publication d&rsquo;au moins 30 d\u00e9finitions au 09 d\u00e9cembre 2025.<\/p>\n\n\n\n<p>On recense n\u00e9anmoins d\u00e9j\u00e0 ici les d\u00e9finitions de : <\/p>\n\n\n\n<ul class=\"wp-block-list\">\n<li>M. Mathias <strong>AMILHAT<\/strong><\/li>\n\n\n\n<li>M. Cl\u00e9ment <strong>BENELBAZ<\/strong><\/li>\n\n\n\n<li>M. Nicolas <strong><a href=\"http:\/\/www.laicites.fr\/index.php\/2021\/05\/05\/laicite-lune-des-definitions-de-nos-membres\/\" data-type=\"post\" data-id=\"485\">CADENE<\/a><\/strong><\/li>\n\n\n\n<li>Mme Oc\u00e9ane <strong>CARLINET<\/strong> <\/li>\n\n\n\n<li>Mme Marine <strong>CHANEL<\/strong> <\/li>\n\n\n\n<li>Mme M\u00e9lina <strong>ELSHOUD<\/strong><\/li>\n\n\n\n<li>M. Clemmy <strong>FRIEDRICH<\/strong><\/li>\n\n\n\n<li>M. Pierre <strong>JUSTON <\/strong><\/li>\n\n\n\n<li>Mme Hiam <strong><a href=\"http:\/\/www.laicites.fr\/index.php\/2021\/04\/05\/laicite-lune-des-definitions-de-nos-membres-2\/\" data-type=\"post\" data-id=\"500\">MOUANNES<\/a><\/strong> <\/li>\n\n\n\n<li>Mme Mathilde <strong><a href=\"http:\/\/www.laicites.fr\/index.php\/2021\/05\/05\/laicite-lune-des-definitions-de-nos-membres-3\/\" data-type=\"post\" data-id=\"516\">PHILIP-GAY<\/a><\/strong><\/li>\n\n\n\n<li>M. Mathieu <strong><a href=\"http:\/\/www.laicites.fr\/index.php\/2021\/02\/28\/laicite-lune-des-definitions-de-nos-membres-m-touzeil-divina\/\" data-type=\"post\" data-id=\"393\">TOUZEIL-DIVINA<\/a><\/strong> <\/li>\n\n\n\n<li>M. Ludovic <strong>VUILLERMET<\/strong> <\/li>\n<\/ul>\n","protected":false},"excerpt":{"rendered":"<p>Le LAIC-La\u00efcit\u00e9(s) a vocation a proposer en ligne toutes les d\u00e9finitions qu&rsquo;il aura recens\u00e9es du terme \u00ab\u00a0La\u00efcit\u00e9\u00a0\u00bb et, en particulier, toutes les d\u00e9finitions auxquelles ses membres se rattachent (et parfois qu&rsquo;ils et elles \u00ab\u00a0combattent\u00a0\u00bb ou entendent contester). Au 05 mai 2021, cette page est encore en cours de construction(s). On annonce la publication d&rsquo;au moins &hellip; <\/p>\n<p class=\"link-more\"><a href=\"https:\/\/www.laicites.fr\/index.php\/laicites\/\" class=\"more-link\">Read More<span class=\"screen-reader-text\"> \u00ab\u00a0La\u00efcit\u00e9(s) ?\u00a0\u00bb<\/span><\/a><\/p>\n","protected":false},"author":2,"featured_media":0,"parent":0,"menu_order":0,"comment_status":"closed","ping_status":"closed","template":"","meta":{"footnotes":""},"class_list":["post-38","page","type-page","status-publish","hentry"],"_links":{"self":[{"href":"https:\/\/www.laicites.fr\/index.php\/wp-json\/wp\/v2\/pages\/38","targetHints":{"allow":["GET"]}}],"collection":[{"href":"https:\/\/www.laicites.fr\/index.php\/wp-json\/wp\/v2\/pages"}],"about":[{"href":"https:\/\/www.laicites.fr\/index.php\/wp-json\/wp\/v2\/types\/page"}],"author":[{"embeddable":true,"href":"https:\/\/www.laicites.fr\/index.php\/wp-json\/wp\/v2\/users\/2"}],"replies":[{"embeddable":true,"href":"https:\/\/www.laicites.fr\/index.php\/wp-json\/wp\/v2\/comments?post=38"}],"version-history":[{"count":18,"href":"https:\/\/www.laicites.fr\/index.php\/wp-json\/wp\/v2\/pages\/38\/revisions"}],"predecessor-version":[{"id":836,"href":"https:\/\/www.laicites.fr\/index.php\/wp-json\/wp\/v2\/pages\/38\/revisions\/836"}],"wp:attachment":[{"href":"https:\/\/www.laicites.fr\/index.php\/wp-json\/wp\/v2\/media?parent=38"}],"curies":[{"name":"wp","href":"https:\/\/api.w.org\/{rel}","templated":true}]}}